) be the second derivative of -17*o**5/60 + o**4/12 + o**3/6 + 29*o**2/2 - 2*o. Let s(g) be the first derivative of u(g). Determine s(-1).
-18
Let o(w) = 7*w**3 + 7*w**2 - 2*w - 2. Let r(i) = 11*i**3 + 10*i**2 - 3*i - 3. Let z = 59 - 64. Let l(n) = z*r(n) + 7*o(n). Calculate l(-1).
5
Suppose 4*f + 5*o = -1, 4*f + 0*o + 3*o = 9. Let x(p) = -2*p + 2. Let u(q) = -q - 9. Let w be u(-4). Let k(v) = v - 1. Let m(j) = w*k(j) - 3*x(j). Give m(f).
5
Let l(y) = -y**2 + 10*y + 11. Suppose -9 = r - 2*f - 18, 4*r + 3*f = 47. Give l(r).
0
Let a(m) = -22*m**2 + 9*m + 21*m**2 + 2 + 3. Determine a(8).
13
Let j(a) = -a**2 + a + 15. Let c be j(0). Let w(g) = -2 + c*g + 9*g + 3 - 25*g. Let i be w(1). Let v(x) = -x - 2. What is v(i)?
-2
Let i(p) be the first derivative of -p**3/3 + 3*p**2/2 - 5*p - 3. Suppose 7*t + 18 = 46. Give i(t).
-9
Let n(s) be the second derivative of -s**3/2 - 2*s. Let u = -1216 - -1214. Calculate n(u).
6
Let j be -3*(0 - 1/1). Let v(a) be the third derivative of -a**4/12 + a**3/6 - 12*a**2 + 114*a + 2. Determine v(j).
-5
Let k(z) = -32*z**3 + 8*z**3 - 2 + 3*z**2 + 10*z**3 + 5*z + 12*z**3. What is k(4)?
-62
Let f(w) = -w**2 + 1. Suppose 0 = -4*y + x - 1, -x - 4 = 2*y - 5*x. Suppose y = -i + p - 2*p + 9, 2*i - 4*p = -12. Calculate f(i).
-15
Let q be -1*(-3 - -5 - 2). Let t(m) = 48 + m - 24 - 28. Calculate t(q).
-4
Let g(q) = -2*q. Let s(n) = 7*n - 62. Let z(h) = -3*h + 21. Let m(x) = 3*s(x) + 8*z(x). Let f(b) = 2*g(b) - m(b). Determine f(0).
18
Let u(q) = -5*q**2 + 6*q + 2. Let a(l) = 11*l**2 - 12*l - 5. Let g(w) = -6*a(w) - 13*u(w). Suppose 83*n = 73*n - 50. What is g(n)?
9
Let h(f) = -2*f + 3. Let v = 40 + -36. Suppose v*x - 5*x = 4. Calculate h(x).
11
Suppose -3*y - 5*k + 100 = 0, -80 = 2*y - 5*y + 5*k. Let a = -30 + y. Let w(f) = f. Calculate w(a).
0
Let a(z) = -z**3 + 5*z**2 - 2*z - 4. Suppose -49 = 5*x - 2*q, -4 = x + 2*q + 13. Let t(d) = -d**3 - 9*d**2 + 23*d + 15. Let j be t(x). Determine a(j).
4
Let y(v) = 2*v - 4 + v**2 + 7*v - 3*v - 3*v + v. Suppose -j = 3 + 1. Give y(j).
-4
Let b(t) = 14*t**2. Let i be ((-48)/30)/((12/(-40))/3). Let m be (-1 + 4)*i/48. Determine b(m).
14
Let q = 1828 + -1823. Suppose 2*g = -g - 39. Let w(p) = -15*p**2 + 12*p - 1. Let s(n) = -7*n**2 + 6*n - 1. Let i(u) = g*s(u) + 6*w(u). Calculate i(q).
2
Let d = 42 - 30. Let m = d - 13. Let t be (8 + (-4 - -2))*m. Let n(x) = x + 7. Calculate n(t).
1
Let x(k) = k + 23. Let q(n) = -25. Let p(v) = -2*q(v) - 2*x(v). Let c(f) = f**3 + 7*f**2 + f + 10. Let u be c(-7). Give p(u).
-2
Let j be (2/(-3))/((-10)/225). Let z = j + -9. Let b(y) = -18 - 2*y + 2*y + 8 + y. Give b(z).
-4
Let i(u) = -2*u**2 + 2*u + 7. Let n be i(-2). Let v(p) = -8*p - 4. What is v(n)?
36
Let y(v) = -4*v**2 + 3*v - 6. Let r(u) = u**2 - u + 2. Let z(b) = -7*r(b) - 2*y(b). Let x(d) = 2*d**3 + 30*d**2 + 2*d + 28. Let t be x(-15). Determine z(t).
0
Let r = 7 + -3. Let v(l) = 5*l**2 - r*l**2 + 4 - 3 - 7*l + 0*l**2. Suppose 2*p - 3*a - 11 = -2*a, 2*p - 16 = -4*a. Calculate v(p).
-5
Let x(j) be the second derivative of -j**5/20 - 7*j**4/12 + j**3/6 + j**2 - j - 32. Determine x(-7).
-5
Let b(t) = -4*t. Suppose -3*x + 3*c = -5*x + 1, 0 = -x - 2*c. Calculate b(x).
-8
Let t(a) = 14 - 5 + a**2 + 31*a - 20*a + 0*a**2. Give t(-11).
9
Suppose -4*o = -7*w + 8*w - 7, 5*w = 3*o - 34. Let m(g) = g - 2. What is m(o)?
1
Let h be (375/60)/((-1)/(-4)). Let u = h - 23. Let t(c) = -2*c + 2. Determine t(u).
-2
Let r(a) be the first derivative of a + 1/3*a**3 - 19 - 1/2*a**2. Calculate r(-2).
7
Let b(l) = -2*l - 6. Suppose 0 = 16*h + 59*h. Give b(h).
-6
Let q(d) = -d**2 + 5*d + 2. Let o be q(5). Suppose 3*x - 4*z - 74 = -o*z, 1 = -z. Let t(a) = 52*a - 29*a - x*a. What is t(6)?
-6
Let u be 15/12*(3 + 1). Suppose -4*p + 16 = -0*p. Let l(m) = 7 - 5*m**2 + 5*m**3 - 2*m**3 + 2*m**3 - 3*m - p*m**3. Give l(u).
-8
Let n(q) = 27 - q - 48 - q + 31. Determine n(-5).
20
Let d(s) = -36*s - 25*s - 2 + 10 + 7 - 16*s**2 - s**3 + 63*s. Give d(-16).
-17
Let f(n) = -n - 2. Let c be f(-4). Let h(i) = -2*i**2 + 19*i + 53. Let w be h(12). Let s = w + c. Let q(o) = -o - 2. What is q(s)?
3
Let p(l) be the second derivative of -l**5/20 - l**4/2 - l**3 + l**2 + l + 162. Give p(-5).
7
Let u(w) = -w**2 - 2*w - 11*w - 11 + 7*w. Let y(r) = -2*r**2 - 12*r - 23. Let q(z) = 5*u(z) - 2*y(z). Suppose 0 = -8*l + l - 42. What is q(l)?
-9
Let f(g) = 6*g**3 - g**2 - 2*g - 1. Let j(y) = y**2 - 11*y - 1. Let i be j(11). Let m be f(i). Let x(h) = -h**2 - 5*h - 3. Calculate x(m).
-9
Suppose 4 = -3*q + 5*q. Suppose 0 = 3*o - o - q. Let x(u) be the second derivative of -5*u**3/3 + u**2/2 - 718*u. Give x(o).
-9
Let q be (189/84)/(1 + (-10)/16). Let k(u) = -u**2. Let m(t) = -5*t**2 - 4*t - 6. Let f(y) = -6*k(y) + m(y). Determine f(q).
6
Let c be (-196)/32 + (-3 + 1)/(-16). Let m(n) = n**2 + 5*n - 5. Calculate m(c).
1
Let o(p) = 3*p**3 + 5*p**2 + 2. Let j(d) = 13*d**3 + 21*d**2 + d + 9. Let g(s) = -2*j(s) + 9*o(s). Let h = 25 - 34. Let n = 6 + h. Determine g(n).
6
Let d(z) = 4*z**3 - 2*z**2 + 4*z - 3. Let m be ((-1)/(-2))/(6/12). Let t be d(m). Let o(y) = y**2 - 3*y - 1. Calculate o(t).
-1
Let z(q) = 121*q**2 - 4 + 5 - 123*q**2. Calculate z(2).
-7
Let k(q) = q + 1. Let d(m) = -4*m + 1. Let g(c) = d(c) + 5*k(c). Suppose -25*s = -34*s - 54. Calculate g(s).
0
Let h(q) = q - 73*q**2 - 5 + 69*q**2 + 6 + q. Determine h(-3).
-41
Suppose -1 = b, -5*s + 0*s - b = 31. Let i(d) = -5*d**2 + d**3 - 7 + 3 - 2*d**3 + 6*d. Determine i(s).
-4
Let d(q) = -21*q**2 - 7*q + 3. Let u(k) = 7*k**2 + 2*k - 1. Let y(w) = -2*d(w) - 7*u(w). Suppose -6 + 3 = -p. Let l(i) = i - 2. Let s be l(p). Calculate y(s).
-6
Suppose -6*x + 4*d + 6 = -x, d = 1. Suppose 0 = -3*w + 5*g - 2, -4*g + 6 = 4*w - x*g. Let s(c) = 2 - 3*c - 3*c - w. Give s(1).
-5
Let d(t) = -4*t + 4. Let f be d(1). Let p(g) = -g - 11. Calculate p(f).
-11
Suppose -5*o - 5*r + 2*r = -3, 3*o = -4*r - 7. Let a(s) = 4*s**2 + 12 - 16 - 3*s**2 + o*s + 5. Let k be (30/(-25))/((-3)/(-10)). What is a(k)?
5
Let f(n) = 5*n**2 + 4*n - 7. Let d(a) = -2 + 1 + 16 - 7*a**2 - 4*a**2 - 8*a. Let i(s) = -4*d(s) - 9*f(s). Determine i(-5).
-2
Suppose 0 = g - 5*l - 13, 3*g - 12 = 2*l + 40. Let j(c) = 1 - 16*c + 35*c - g*c. Calculate j(7).
8
Let g(h) = -3*h - 20. Let l be g(-8). Suppose 3*k + 2*j - 17 = 0, l*j - 6 = 3*k - 17. Let p(a) = 3*a + 1. What is p(k)?
16
Let b(f) = f**3 + 6*f**2 + 5*f - 3. Let x(k) = k**2 + 3*k. Let q be x(-4). Let y = q - 2. Suppose y*h - 25 = 7*h. Give b(h).
-3
Let i(x) = 18*x**3 - 7*x**2 + 7*x - 1. Let o(m) = 16*m**3 - 8*m**2 + 8*m - 1. Let s(c) = -6*i(c) + 5*o(c). What is s(1)?
-27
Suppose 0 = 5*r - 5*d - 25, 0 = r - 3*d - d - 11. Suppose s - 12 = r*g, 5*g = 2*s - 7*s. Let q(o) = o**2 + 4*o + 3. Determine q(g).
0
Let p(k) be the third derivative of k**6/120 + k**5/15 - k**4/8 + k**3/2 + 10*k**2. Let d = 5 - -2. Let v = d - 12. Give p(v).
-7
Let l(m) be the first derivative of 2*m**3/3 - m**2/2 - 3*m - 6. Let a = -38 - -35. Give l(a).
18
Let u(k) = 4*k - 4*k + 5*k - 2. Suppose -z = -5*z + 12. Suppose z*g + 0*g = -6. Give u(g).
-12
Suppose 4*c - 1 = 5*r + 9, -2*c - r + 12 = 0. Let h(m) = m - 3. What is h(c)?
2
Let a(x) = x**3 - 2*x**2 + x. Let s(r) = -5*r**3 + 15*r**2 - 12*r - 2. Let l(i) = -6*a(i) - s(i). Determine l(-4).
-6
Suppose 2 - 6 = -2*k + 5*f, -5*k - 5*f + 10 = 0. Let j(p) = 14*p**2 + 23*p - 17. Let s(i) = 5*i**2 + 8*i - 6. Let b(w) = 6*j(w) - 17*s(w). Calculate b(k).
0
Let j(x) be the second derivative of x**3/6 + 5*x**2/2 - 185*x. Determine j(-5).
0
Let f(t) be the third derivative of -t**6/120 + t**5/20 + t**4/6 - 2*t**3/3 - 2*t**2 + 64. Give f(4).
-4
Let b(t) be the first derivative of t**2 - 8*t - 2. Let y(h) = 2*h**3 + 35*h**2 - 147*h + 6. Let i be y(-21). What is b(i)?
4
Suppose -u + 6*n + 2 = 4*n, 3*u - 4*n - 2 = 0. Let y(d) = 2*d**3 + 2*d**2 + 2*d + 2. What is y(u)?
-10
Let u = 107 + -103. Let x(l) = l**3 + 9*l**2 - 11*l - 7. Let o be x(-10). Let w(i) = 4 - 4*i - o + 2*i + u*i. Give w(2).
5
Let i(d) = 3*d**2 + 25*d + 8. Let b(y) = 7*y**2 + 54*y + 15. Let n(w) = 2*b(w) - 5*i(w). Calculate n(-17).
-10
Let a be (-38)/10 + 1 + 32/(-160). Let g(r) = -r**3 - 4*r**2 - 3*r - 3. Give g(a).
-3
Suppose 4*l + 4 - 20 = 0. Suppose l*y + 2*y = -18. Let r(i) = 2*i + 1. Give r(y).
-5
Let g be 16/6*(-36)/(-16). Let q(i) = 11*i**3 -